*2 - 7*p + 1. Let w be k(-7). Suppose 3*r - w = 11. What are the prime factors of r?
2
Let z(w) = w**2 + 2*w + 13. What are the prime factors of z(6)?
61
Let c(j) = 20*j**2 - 3*j - 2. Let f be c(-2). Let x = f + -47. What are the prime factors of x?
37
Let o be (-3)/((-27)/15)*3. Suppose o*p = p. Suppose p*x + 2*x - 14 = 0. What are the prime factors of x?
7
Let n(u) = 2*u**2 - 4*u - 2. Let v(m) = m**2 - 3*m + 4. Let r be v(3). What are the prime factors of n(r)?
2, 7
Let f(x) = -x + 4. Let u(b) = b**3 - 12*b**2 + 5*b - 7. Let l(a) = -a**2 + a + 1. Let r(g) = -4*l(g) + u(g). Let i be r(8). List the prime factors of f(i).
7
Suppose 5*s + 59 = 24. Let l = 8 + s. Suppose -1 - l = -x. What are the prime factors of x?
2
List the prime factors of -1 - (3 + (1 - (-189)/(-3))).
2, 29
Suppose o - 6 = -2*k, 5*k - 15 = o + o. What are the prime factors of k?
3
What are the prime factors of -2*((-2)/(-3) + 26/(-12))?
3
Suppose -p - 4*n + 40 = 0, 5*p = p + 2*n + 124. List the prime factors of p.
2
Let s(i) = 3*i - 3. Let c be s(-4). Let w = 30 + c. What are the prime factors of w?
3, 5
Let x(a) = a - 1. Let c be x(8). Suppose 27 = 4*w + c. Suppose 2*r = -3*n + 9, 0 = 5*n - w*r - 0*r - 40. What are the prime factors of n?
5
Let v(z) = 11*z**3 - z - 1. Let d be v(-1). Let g = 24 + -46. Let q = d - g. What are the prime factors of q?
11
Let k(p) = -p + 13. List the prime factors of k(6).
7
Suppose 3*z = s + s + 6, 0 = -5*s + 15. Suppose -4*a + z = -3*a. What are the prime factors of a?
2
Let k(s) = -s**2 - 8*s - 7. Suppose 40 = -3*g - 2*g. Let b be 46/g + (-1)/4. List the prime factors of k(b).
5
Suppose 3*s + s + 9 = 3*q, 0 = -3*s. Suppose -5*h = 5*d + 10, q*d + 2*h - 1 = 6*h. What are the prime factors of (5/(-2))/(d/2)?
5
Let u = 5 - 6. What are the prime factors of u/(((-3)/(-3))/(-4))?
2
Let j be (0 + 1)*(8 + 1). Let i(x) be the second derivative of x**3/6 - 2*x**2 - x. What are the prime factors of i(j)?
5
Suppose o + 3 = -0*o, -4*j - 2*o = -50. List the prime factors of j.
2, 7
Let h(p) = 4*p**2 - 4*p - 6. What are the prime factors of h(-5)?
2, 3, 19
Let p(j) = -10*j - 7. Let d(n) = -5*n - 3. Let y(o) = -7*d(o) + 4*p(o). List the prime factors of y(-5).
2, 3
Let a = -47 + 103. Suppose 0 = 4*o - 0*o - a. What are the prime factors of o?
2, 7
Let l(u) = -3*u + 1. Let y be l(-2). Let f(o) = o**2 - 6*o - 5. Let m be f(y). Suppose -t - t = -2, -10 = -2*k - m*t. List the prime factors of k.
2
Let u(o) = o**3 + o**2 + 1. Let n be u(-2). List the prime factors of 5*1*(-2 - n).
5
Let y = -1 + 6. Suppose y*l + b - 3*b = 79, 8 = -4*b. What are the prime factors of l?
3, 5
Suppose -5*i + 160 = 20. List the prime factors of i.
2, 7
Let m(i) = i**2 + 2*i + 23. List the prime factors of m(0).
23
Let b = -116 - -200. Suppose 0 = -2*v - 4 + b. What are the prime factors of v?
2, 5
List the prime factors of ((-2)/4)/((-5)/320).
2
Suppose -25 = -4*z + 3*a, 2*a - 27 = -4*z + 3*a. Let u = 5 - z. What are the prime factors of u/(40/22 - 2)?
11
Suppose c = 5*u + 3*c - 177, u - 5*c - 57 = 0. What are the prime factors of u?
37
What are the prime factors of 470/6 - 2/(-3)?
79
List the prime factors of (-4)/((-36)/28 + 1).
2, 7
What are the prime factors of -3 + ((-153)/(-12))/((-4)/(-48))?
2, 3, 5
Let v be 1 + 2/(-1) + -21. List the prime factors of 4/v + 408/66.
2, 3
Suppose 2*q = -2*q + 8. Suppose -w - 2*n = -29, -w + 0*n + q*n + 41 = 0. List the prime factors of w.
5, 7
Let j(y) = 2*y**2 - y + 3. Let q be j(3). Suppose -3*d - q = -102. List the prime factors of d.
2, 7
Suppose -m = -5*m. Let b(u) = u**3 + u + 14. Let i be b(m). Let o = -5 + i. What are the prime factors of o?
3
Suppose -4*c + 20 = -0*c, -21 = -k - 3*c. Let w be (-1)/((-3)/6 + 0). Let n = k - w. List the prime factors of n.
2
Suppose 5*t = -10, 4*w + t = 6*w + 12. Let o = -8 - -13. Let s = o - w. What are the prime factors of s?
2, 3
Suppose 0*k - 4*k - 84 = -4*r, r = -4*k + 21. Let f = -2 + 16. Let q = r - f. What are the prime factors of q?
7
Let r = 50 - 10. What are the prime factors of r?
2, 5
Let k = 10 - 6. What are the prime factors of k?
2
Let m(q) = -q**3 + q**2. Let j be m(0). List the prime factors of j - -2 - (-11)/1.
13
Suppose -5 = l - h - 3*h, -5*l + 3*h = -9. Let f be 2/6 + 384/9. Suppose 2*a + l*a - 24 = -2*w, 5*w - f = -4*a. List the prime factors of w.
7
Let n(q) be the second derivative of q**4/12 + 5*q**2/2 + 2*q. What are the prime factors of n(0)?
5
Suppose 0 = -2*l + 3*d + 5, -4*l - 4*d = l - 1. Suppose -7*f + 9 = -4*f. Let j = f - l. List the prime factors of j.
2
Let s = -48 + 112. What are the prime factors of s?
2
Suppose 4*j - 7*j + 99 = 0. Suppose 35 = f + 2*x, -f = -x + 7 - j. Let z = f - 21. What are the prime factors of z?
2
Suppose 5*x - 43 = 57. List the prime factors of x.
2, 5
Let p = -374 + 567. List the prime factors of p.
193
Let u = 11 - -20. What are the prime factors of u?
31
Let o(y) = y**2 + y + 4. Let t be o(0). Let h be (-31 + 1)*t/(-12). Suppose -3*q = 3*c + h - 4, 5*q - 18 = 2*c. List the prime factors of q.
2
Let v = 16 - 10. Suppose 7*r - 4 = v*r. What are the prime factors of r?
2
Let i(f) = f**3 - 4*f**2 + 2*f - 4. Let l be i(4). Suppose 10 = -l*h + 34. What are the prime factors of h?
2, 3
Suppose r = -3*r. Suppose -8 = z - 11. Suppose r = -w + z. List the prime factors of w.
3
Let i(p) = 0 + 5*p + 5*p**2 + 8 - p**3 + 2*p. Let u be i(6). Let c = u - 9. What are the prime factors of c?
5
Let h = -72 + 92. List the prime factors of h.
2, 5
Let c(r) = r**2 + 8*r + 3. What are the prime factors of c(-8)?
3
Suppose 8*u - 325 = -5*z + 3*u, -4*z + 4*u = -292. Suppose 6 + z = 5*t. What are the prime factors of t?
3, 5
Let r = -18 + 7. Let t = r - -8. List the prime factors of (1*t)/(-3) - -2.
3
Let w = -63 + 89. What are the prime factors of w?
2, 13
Let n(l) = 3*l**2 + 2*l + 3. What are the prime factors of n(-6)?
3, 11
Let t = -11 + 7. Let h = 30 + t. What are the prime factors of h?
2, 13
Let g(n) = -n**3 + n**2. Let k be g(1). Suppose v - 3 = -2*l - k*v, -3*l - 2*v = -6. Suppose -2*z + 6 = -l*z. What are the prime factors of z?
3
Let u = -15 + 19. List the prime factors of u.
2
Suppose k - 3 = -0*k. Let m(a) = 4*a - 2. List the prime factors of m(k).
2, 5
Suppose 66*o - 63*o - 558 = 0. List the prime factors of o.
2, 3, 31
Let r be (-1 + 2 + -2)*-5. Suppose 1 - 20 = -3*v + x, r*x = -3*v - 5. What are the prime factors of v?
5
Let m be 2 - -1 - (-1 - 0). Suppose 6*i - i - 25 = 0, 8 = -4*n - m*i. What are the prime factors of (-7 - 0)*6/n?
2, 3
Let k be 1 - (-10 - (-2 + 1)). Suppose -4*t = 2*s + 10, 3*t - 2*t - 2*s - k = 0. Let p(o) = o**2 + o + 4. What are the prime factors of p(t)?
2
List the prime factors of (-10)/80 - (-1313)/8.
2, 41
Let r(y) = -y. Let h be r(-5). Let z = 3 + h. What are the prime factors of z?
2
Suppose 0 = 7*i - 3*i - 24. List the prime factors of ((-68)/i)/(6/(-9)).
17
Let x(h) = h**3 - 12*h**2 + 5*h + 1. Let j(l) = -l**2 - 1. Let b(o) = 5*j(o) - x(o). List the prime factors of b(5).
19
Let k = 10 - 8. Let v be ((-4)/k + -9)/(-1). Let o = -7 + v. What are the prime factors of o?
2
Suppose -r - 30 = -4*r. Suppose 0*n - r = -2*n. What are the prime factors of n?
5
Let x(h) = 4*h**2 - h - 1. Let a = 0 + 2. List the prime factors of x(a).
13
Let v = -27 + 56. List the prime factors of v.
29
Let q(z) = 39*z**2 - 5*z + 11. Let w(r) = 8*r**2 - r + 2. Let i(n) = -2*q(n) + 11*w(n). Suppose -2*d - 3*d = -5. List the prime factors of i(d).
3
Let s(b) = -2*b - 1. Let d be s(-2). Suppose v = -k - 11, -4*v - d*k = -4*k + 49. Let i = v + 22. What are the prime factors of i?
2, 5
Let f(j) = -j**3 - 7*j**2 - 7*j - 4. Let p be f(-6). Suppose p*d = d + 33. List the prime factors of d.
3, 11
Let q be (-1 + 2)/(3/3). Let l = 0 + q. What are the prime factors of (l/2)/((-1)/(-18))?
3
Let i = -115 - -174. What are the prime factors of i?
59
Suppose 4 = 2*g - 0. Suppose g*y + 4 = 0, 3*p - 3*y + 92 = 5*p. What are the prime factors of p?
7
Let l(f) = 2*f**2 - 7*f - 8. What are the prime factors of l(7)?
41
Let p(w) = -5*w + 9. Let y be p(4). List the prime factors of 49 + -1 - (y - -7).
2, 13
Suppose -k = 2*k. Suppose k*j = 3*j - 30. List the prime factors of j.
2, 5
Suppose 15 = 5*t, 1 = -4*g + 6*g - t. Suppose -g*f + 0 = -16. What are the prime factors